= 87 - 85. Let c(t) = -66 + 64 - t**3 - 2*t**u + 3*t + 0*t**2. What are the prime factors of c(-4)?
2, 3
Let y be (1 - 1/(-3))/((-48)/(-180)). Suppose 452 = 4*r - 5*l, 266 + 294 = y*r - 5*l. List the prime factors of r.
2, 3
Suppose -740*z + 6596820 = -405*z. List the prime factors of z.
2, 3, 547
What are the prime factors of (-36)/21*(-30107)/22 - (-15 + 7)?
2, 11, 107
Let s = -23 - -21. Let f(d) = -94*d - 1. Let g be f(s). Suppose -2*w = -m + g, 917 = 10*m - 5*m - 4*w. What are the prime factors of m?
181
Let s = 11584 + 8268. List the prime factors of s.
2, 7, 709
Let g = 32 + -1. Suppose 32*u = g*u - 3. Let j(q) = 9*q**2 + 3. List the prime factors of j(u).
2, 3, 7
Let n(a) = 2*a**2 + 3*a - 26. Let x be n(8). Suppose 2*w - 58 = x. Suppose 0*z = z - w. List the prime factors of z.
2, 23
Suppose -4*j = -3*d - 3504, -2*j - 2*j + 3524 = 2*d. Let y = -618 + j. What are the prime factors of y?
3, 29
Let s(b) = 2*b**2 - 3*b + 13. Let z be s(-7). Suppose -4*g - 44 - z = 0. Let k = 37 - g. List the prime factors of k.
3
Let p be (1 - 0)/((15/665)/(-3)). Let r = p - 57. What are the prime factors of r/(-6) - 4/(-12)?
2
Suppose -85*o + 744784 = 25174. What are the prime factors of o?
2, 3, 17, 83
Let x = -11869 + 19801. Suppose -18*y + 636 = -x. List the prime factors of y.
2, 7, 17
Let j(s) = -s - 686 - 683 - s + 1379. Suppose -p - 5*c = -13, -2*p - p + 5*c - 61 = 0. List the prime factors of j(p).
2, 17
Suppose -16*m + 72909 = 4077. What are the prime factors of m?
2, 3, 239
Let j be (-3)/2*212/(-6). Let l = 61 - j. Suppose -l*g = 3*g - 1210. What are the prime factors of g?
2, 5, 11
Let v(d) = -4*d**3 - d**2 + 6*d - 12. Let i be v(4). Let t = i - -393. Suppose 2*s = 183 + t. What are the prime factors of s?
2, 79
Let z(a) = -2*a**3 - 3*a**2 - 2*a - 3. Let n be z(-2). Suppose -5*m - 22 = -4*j, -5*j + j - 38 = n*m. List the prime factors of 14/m*(-5 + -6 + 8).
7
Let b be (2/2*4)/(-18*(-20)/7830). Let w be 9*2/((-4)/(-18)). Suppose -c + 0*c + w = t, -c + b = -5*t. List the prime factors of c.
2, 41
Let o(n) = -2*n**3 + 12*n**2 - 6*n. Let i be o(5). Suppose i*m + 4*m - 5208 = 0. What are the prime factors of m?
7, 31
Let r(j) = 6*j**2 + j - 2. Let f be r(-4). Suppose 5*i - 8 = 9*i, -i - 119 = 3*s. Let b = s + f. What are the prime factors of b?
3, 17
Suppose 0*q + 4*q - 21428 = 4*p, -16066 = -3*q + 4*p. List the prime factors of q.
2, 7, 383
Let a(q) = 13*q + 243. Let u be a(-19). Let t(j) = j**3 - 9*j**2 + 10*j - 6. Let v be t(8). What are the prime factors of ((-54)/15*9)/(u/v)?
3
Let g = 57785 + -35043. What are the prime factors of g?
2, 83, 137
Suppose 22*d + 14*d - 2242356 = -31*d. What are the prime factors of d?
2, 3, 2789
Suppose 77*a = 113*a - 55*a + 707617. What are the prime factors of a?
37243
Let b(a) = 460*a**2 + 10*a - 2. Let i be b(2). Let n = -776 + i. What are the prime factors of n?
2, 541
Let y(x) = 3*x + 52. Suppose -2*h + 68 = 5*s, -4*h - 5*s = -6*h + 28. List the prime factors of y(h).
2, 31
Let q = -19 + 19. Suppose 13*l - 2691 = -q*l. What are the prime factors of l?
3, 23
Let a(h) = 43*h**2 + 21*h - 503. List the prime factors of a(-25).
25847
What are the prime factors of 6 + -1 - (-211491)/63?
2, 41
Let h = 38816 + -22693. What are the prime factors of h?
23, 701
Let g = -190 + 194. List the prime factors of (2/(-6))/(g/(-14232)).
2, 593
Let o(k) = k**3 + 18*k**2 - 41*k - 16. Let u be o(-20). Suppose -y + u = 0, 12*s - 13*s - 5*y = -967. What are the prime factors of s?
947
Suppose 18*c - 447*c + 3021447 = 0. List the prime factors of c.
7043
Let y(k) = -9*k - 20. Let f be y(-3). Suppose 2167 = f*l - 983. What are the prime factors of l?
2, 3, 5
Let c(v) = v**3 + 27*v**2 - 11*v - 46. Let p be -9 + -4 + 5 + -2 + 2. What are the prime factors of c(p)?
2, 17, 37
Let b be ((-551)/(-38))/(2/8). Suppose 0*w - 3*w = -5*o + b, -o = 5*w + 78. List the prime factors of (78/8)/(2 + 30/w).
2, 3, 13
Suppose 0 = -10*r + 31*r - 68544. What are the prime factors of r?
2, 3, 17
Let c = -21645 + 32790. List the prime factors of c.
3, 5, 743
Suppose 24 - 40 = -8*i. Suppose -3*d + 12 = -0*d, -i*u - d + 3002 = 0. What are the prime factors of u?
1499
Let c = 228 + -127. Suppose -2*k = -5*l + 594 - c, -2*l + k = -198. Let h = 9 + l. What are the prime factors of h?
2, 53
Let h be (-168)/(-27) + -2 + 2/(-9). Suppose -472 - 1044 = -h*t. List the prime factors of t.
379
Let t be -5 - (2070/(-510) - 1/(-17)). Let w = -5 + 2. What are the prime factors of ((-13)/w + -4)*(785 - t)?
2, 131
Let c = -1549 + 570. Let o = 1385 + c. What are the prime factors of o?
2, 7, 29
Let n = 70 - 130. Let d = n - -64. Suppose -3*x = -d*c - 133, 5*x - 75 = -c + 139. List the prime factors of x.
43
List the prime factors of (6 - (7 - 8)) + (4 - -35737).
2, 3, 331
Let s(z) = z**3 - 8*z + 3. Let q be s(-3). Suppose -5*j + 645 = -q*j. Suppose 19 = -5*c + j. List the prime factors of c.
2, 11
Suppose 29*u - 45*u + 17568 = 0. List the prime factors of u.
2, 3, 61
Let a(q) = -10*q - 1. Let m(r) = 127*r + 6. Let v(k) = -3*a(k) - m(k). Suppose -4*s = -4*c, -4*s - c - c - 12 = 0. What are the prime factors of v(s)?
191
List the prime factors of -11 - (-49)/((-343)/(-67410)).
9619
Let g(f) = -2*f**2 + 12*f - 23. Let y be 69/5 - (19/5 + -4). Let w be g(y). Let s = 357 + w. List the prime factors of s.
2, 5, 11
Suppose 665*k - 673*k = -62496. List the prime factors of k.
2, 3, 7, 31
Let b be (-284*(0 + -2)/4)/(-2). Suppose 4*w + 8 = 0, -s - 2*s - 372 = 3*w. Let r = b - s. List the prime factors of r.
3, 17
Suppose 19*x - 598116 = 86659 - 178178. What are the prime factors of x?
7, 13, 293
Let r be -6*(-1 - 8/(-12)). Suppose c - 12 = 4*c + 4*w, r*w - 16 = 4*c. What are the prime factors of (c - (-8)/4)/(4/(-62))?
31
Let j(p) = 61*p - 48. Suppose 0*y + 4*y - 12 = 0. List the prime factors of j(y).
3, 5
Let f = -56 + 75. Suppose -16*i + f*i = -1008. Let u = 501 + i. What are the prime factors of u?
3, 5, 11
Let a(x) = -x**2 + 10*x + 12. Suppose 3*s + n - 23 = 0, -n = -3*s - 3*n + 19. Let u be a(s). Suppose -26*b + 35 = -u*b. List the prime factors of b.
7
Suppose -183 = -5*d - 48. Suppose -t - 325 = -4*k, 2*k + k = -5*t + 261. Let h = k - d. List the prime factors of h.
5, 11
Let v = 16558 - 909. What are the prime factors of v?
15649
Let s = -52 - -54. Suppose k + 212 = s*k - 5*v, -1 = v. What are the prime factors of k?
3, 23
Let p = -1 - -4. Let f be (-7 + 8 + 5)/2. Suppose 0 = 3*z - p, -d + 120 = f*z + z. List the prime factors of d.
2, 29
Let s = -3 - -3. Suppose s*h = -4*h - 80. What are the prime factors of 1/2 + (-290)/h?
3, 5
Suppose 4*w - 6*w + t - 3534 = 0, -3*w - 5291 = t. Let p = -1198 - w. List the prime factors of p.
3, 7
Let k be ((-148)/12)/((-4)/12). Let u = k - 35. What are the prime factors of (-8)/(-14)*7/u?
2
Suppose 3*k = -5*a + 40307, -3601*a + 3605*a - k = 32249. List the prime factors of a.
2, 29, 139
List the prime factors of (-1 - (-3 - -199) - -2)*(-612)/12.
3, 5, 13, 17
Let k be 2/((-18)/(-813)) + 4/6. Let c be k + 0*1*(-3)/3. Let u = c + 15. List the prime factors of u.
2, 53
Let k = -262 + 266. Suppose 9*v - 3305 = k*v. What are the prime factors of v?
661
Let u = -82 + 7. Let v = 69 - u. What are the prime factors of v?
2, 3
Suppose -1834 = 7*q + 7*q. Let r = 386 + q. What are the prime factors of r?
3, 5, 17
What are the prime factors of 4/(-6)*(19 + -22) + 1423?
3, 5, 19
Let d = 24922 - 18893. What are the prime factors of d?
6029
Suppose -4*c + 5*m = -6*c - 231, 2*c - 4*m = -240. Let n = 298 + c. What are the prime factors of n?
2, 3, 5
Let m = -15 - -21. Let u(k) = -k**3 + 8*k**2 - 8*k + 7. Let c be u(m). Suppose -c = -12*j + 11*j. What are the prime factors of j?
31
Let h(i) = -26 - 3*i - 32 + 31 + i. Let z be h(-15). Suppose u = 5, 1082 = 5*y + z*u + 177. List the prime factors of y.
2, 89
Suppose 0 = -2*u + 4*u - 6, m = -u + 6. Let x(s) = -m - 14 - 11*s - 8. What are the prime factors of x(-14)?
3, 43
Suppose 2*q + q - 5*y = 21902, 2*q - 14595 = -3*y. What are the prime factors of q?
3, 811
List the prime factors of (-1)/((-2)/(-280960)*-8).
2, 5, 439
Let r be (1 - 3)/2 - 8. Let t(b) = 2*b + 2. Let j(m) = -2*m + 35. Let n(v) = j(v) - 3*t(v). What are the prime factors of n(r)?
101
Suppose -4*k - 4*x + 8548 = 0, -2137 = -k + 2*x - 0*x. Su